{"id":2578,"date":"2024-09-16T08:38:51","date_gmt":"2024-09-16T14:38:51","guid":{"rendered":"https:\/\/stg-drborsukcom-development.kinsta.cloud\/francais\/services\/"},"modified":"2025-09-11T22:54:38","modified_gmt":"2025-09-11T22:54:38","slug":"services","status":"publish","type":"page","link":"https:\/\/www.drborsuk.com\/francais\/services\/","title":{"rendered":"Services Esth\u00e9tiques"},"content":{"rendered":"\n\n\t\t\t\t<img decoding=\"async\" src=\"http:\/\/www.drborsuk.com\/francais\/wp-content\/uploads\/sites\/2\/2024\/09\/b8540c41b6c38ae0bada30ced5dde77e.jpg\" alt=\"b8540c41b6c38ae0bada30ced5dde77e\" itemprop=\"image\" title=\"b8540c41b6c38ae0bada30ced5dde77e\" onerror=\"this.style.display='none'\" loading=\"lazy\" \/>\n\t<p>Pour les consultations en pediatrie svp appeler le <a href=\"tel:514 345-4726\">514 345-4726<\/a> ou\u00a0<a href=\"https:\/\/chusj.org\/ChirurgiePlastique\" target=\"_blank\" rel=\"noopener\">https:\/\/chusj.org\/ChirurgiePlastique<\/a><\/p>\n<p>Merci de votre compr\u00e9hension.<\/p>\n<h2>\n\t\t\tEsth\u00e9tique\t<\/h2>\n\t<ul>\n<li><a href=\"\/francais\/services\/esthetique\/lifting-du-visage\/\">Visage<\/a>\n<ul>\n<li><a href=\"\/francais\/services\/esthetique\/lifting-du-visage\/\">Lifting du visage<\/a><\/li>\n<li><a href=\"\/francais\/services\/esthetique\/lifting-du-visage\/#lifting-du-front\">Lifting du front<\/a><\/li>\n<li><a href=\"\/francais\/services\/esthetique\/lifting-du-visage\/#chirurgie-des-paupieres\">Chirurgie des paupi\u00e8res<\/a><\/li>\n<li><a href=\"\/francais\/services\/esthetique\/lifting-du-visage\/#chirurgie-du-nez\">Chirurgie du nez<\/a><\/li>\n<li><a href=\"\/francais\/services\/esthetique\/lifting-du-visage\/#lifting-du-cou\">Lifting du cou<\/a><\/li>\n<li><a href=\"\/francais\/services\/esthetique\/chirurgie-de-la-machoire\/#chirurgie-de-la-machoire\">Chirurgie de la m\u00e2choire<\/a><\/li>\n<li><a href=\"\/francais\/services\/esthetique\/chirurgie-de-la-machoire\/#augmentation-du-menton\">Augmentation du menton<\/a><\/li>\n<li><a href=\"\/francais\/services\/esthetique\/chirurgie-de-la-machoire\/#augmentation-des-joues\">Augmentation des joues<\/a><\/li>\n<li><a href=\"\/francais\/services\/esthetique\/chirurgie-de-la-machoire\/#rajeunissement-du-visage\">Rajeunissement du visage<\/a><\/li>\n<\/ul>\n<\/li>\n<li><a href=\"\/francais\/services\/esthetique\/sein\/\">Seins<\/a>\n<ul>\n<li><a href=\"\/francais\/services\/esthetique\/sein\/#reduction-mammaire\">R\u00e9duction mammaire<\/a><\/li>\n<li><a href=\"\/francais\/services\/esthetique\/sein\/#augmentation-mammaire\">Augmentation mammaire<\/a><\/li>\n<li><a href=\"\/francais\/services\/esthetique\/sein\/#lifting-des-seins\">Lifting des seins (Mastopexie)<\/a><\/li>\n<li><a href=\"\/francais\/services\/esthetique\/sein\/#reduction-mammaire-masculine\">R\u00e9duction mammaire masculine<\/a><\/li>\n<\/ul>\n<\/li>\n<li><a href=\"\/francais\/services\/esthetique\/corps\/\">Corps<\/a>\n<ul>\n<li><a href=\"\/francais\/services\/esthetique\/corps\/#sculpture-corporelle-liposuccion\">Sculpture corporelle &amp; liposuccion<\/a><\/li>\n<li><a href=\"\/francais\/services\/esthetique\/corps\/#abdominoplastie\">Abdominoplastie<\/a><\/li>\n<li><a href=\"\/francais\/services\/esthetique\/corps\/#lifting-des-bras\">Lifting des bras (Brachioplastie)<\/a><\/li>\n<\/ul>\n<\/li>\n<li><a href=\"\/francais\/services\/esthetique\/peau\/\">Peau<\/a>\n<ul>\n<li><a href=\"\/francais\/services\/esthetique\/peau\/#rajeunissement-des-mains\">Rajeunissement des mains<\/a><\/li>\n<\/ul>\n<\/li>\n<\/ul>\n<p>Nous comprenons que les photos avant\/apr\u00e8s sont devenues la norme pour la plupart des sites Internet. Par respect de notre client\u00e8le distingu\u00e9e et par souci de la confidentialit\u00e9 de nos patients, nous pr\u00e9f\u00e9rons ne pas afficher sur ce site, des photos d&#8217;une telle nature. N\u00e9anmoins, il nous fera plaisir de vous montrez notre portfolio \u00e0 notre clinique, lors de votre consultation.<\/p>\n<h2>\n\t\t\tMission:\t<\/h2>\n\t<ul>\n<li>Offrir un environnement o\u00f9 tous les services sont ax\u00e9s sur l&#8217;excellence des soins et la qualit\u00e9 des services dans un cadre professionnel o\u00f9 la s\u00e9curit\u00e9 est la priorit\u00e9 absolue.<\/li>\n<li>Offrir une gamme de services esth\u00e9tiques, cosm\u00e9tiques et chirurgicaux de qualit\u00e9, continus, s\u00fbrs, accessibles et respectueux, conform\u00e9ment aux d\u00e9sirs et aux besoins des patients.<\/li>\n<li>La clinique, sensible \u00e0 l&#8217;\u00e9volution des soins de sant\u00e9 et des besoins des patients, adopte une politique d&#8217;\u00e9coute des commentaires des patients.<\/li>\n<li>Aider les patients \u00e0 prendre des d\u00e9cisions \u00e9clair\u00e9es en mati\u00e8re de soins de sant\u00e9 en leur fournissant des informations pertinentes et actualis\u00e9es.<\/li>\n<\/ul>\n<h2>\n\t\t\tLa vision de l&#8217;Institut de chirurgie plastique de Westmount:\t<\/h2>\n\t<p>La clinique fournira des soins et des services bas\u00e9s sur les meilleures pratiques professionnelles de pointe ; elle vise l&#8217;excellence en mati\u00e8re de qualit\u00e9, de s\u00e9curit\u00e9 et de service.<\/p>\n<p>La clinique s&#8217;efforce de retenir et d&#8217;attirer des personnes engag\u00e9es et reconnues pour leur expertise et leur bien-\u00eatre.<\/p>\n<h2>\n\t\t\tValeurs:\t<\/h2>\n\t<ul>\n<li>S\u00e9curit\u00e9<\/li>\n<li>Professionnalisme<\/li>\n<li>Bienveillance<\/li>\n<\/ul>\n<h2>\n\t\t\tPiliers strat\u00e9giques:\t<\/h2>\n\t<ul>\n<li>S\u00e9curit\u00e9 des patients<\/li>\n<li>Exp\u00e9rience des patients<\/li>\n<li>Environnements de travail sains<\/li>\n<li>Am\u00e9lioration continue de la qualit\u00e9<\/li>\n<\/ul>\n\n","protected":false},"excerpt":{"rendered":"<p>Pour les consultations en pediatrie svp appeler le 514 345-4726 ou\u00a0https:\/\/chusj.org\/ChirurgiePlastique Merci de votre compr\u00e9hension. Esth\u00e9tique Visage Lifting du visage Lifting du front Chirurgie des paupi\u00e8res Chirurgie du nez Lifting du cou Chirurgie de la m\u00e2choire Augmentation du menton Augmentation des joues Rajeunissement du visage Seins R\u00e9duction mammaire Augmentation mammaire Lifting des seins (Mastopexie) R\u00e9duction [&hellip;]<\/p>\n","protected":false},"author":2,"featured_media":3262,"parent":0,"menu_order":0,"comment_status":"closed","ping_status":"closed","template":"","meta":{"site-sidebar-layout":"default","site-content-layout":"","ast-site-content-layout":"default","site-content-style":"default","site-sidebar-style":"default","ast-global-header-display":"","ast-banner-title-visibility":"","ast-main-header-display":"","ast-hfb-above-header-display":"","ast-hfb-below-header-display":"","ast-hfb-mobile-header-display":"","site-post-title":"","ast-breadcrumbs-content":"","ast-featured-img":"","footer-sml-layout":"","theme-transparent-header-meta":"","adv-header-id-meta":"","stick-header-meta":"","header-above-stick-meta":"","header-main-stick-meta":"","header-below-stick-meta":"","astra-migrate-meta-layouts":"set","ast-page-background-enabled":"default","ast-page-background-meta":{"desktop":{"background-color":"","background-image":"","background-repeat":"repeat","background-position":"center center","background-size":"auto","background-attachment":"scroll","background-type":"","background-media":"","overlay-type":"","overlay-color":"","overlay-opacity":"","overlay-gradient":""},"tablet":{"background-color":"","background-image":"","background-repeat":"repeat","background-position":"center center","background-size":"auto","background-attachment":"scroll","background-type":"","background-media":"","overlay-type":"","overlay-color":"","overlay-opacity":"","overlay-gradient":""},"mobile":{"background-color":"","background-image":"","background-repeat":"repeat","background-position":"center center","background-size":"auto","background-attachment":"scroll","background-type":"","background-media":"","overlay-type":"","overlay-color":"","overlay-opacity":"","overlay-gradient":""}},"ast-content-background-meta":{"desktop":{"background-color":"var(--ast-global-color-5)","background-image":"","background-repeat":"repeat","background-position":"center center","background-size":"auto","background-attachment":"scroll","background-type":"","background-media":"","overlay-type":"","overlay-color":"","overlay-opacity":"","overlay-gradient":""},"tablet":{"background-color":"var(--ast-global-color-5)","background-image":"","background-repeat":"repeat","background-position":"center center","background-size":"auto","background-attachment":"scroll","background-type":"","background-media":"","overlay-type":"","overlay-color":"","overlay-opacity":"","overlay-gradient":""},"mobile":{"background-color":"var(--ast-global-color-5)","background-image":"","background-repeat":"repeat","background-position":"center center","background-size":"auto","background-attachment":"scroll","background-type":"","background-media":"","overlay-type":"","overlay-color":"","overlay-opacity":"","overlay-gradient":""}},"footnotes":""},"class_list":["post-2578","page","type-page","status-publish","has-post-thumbnail","hentry"],"yoast_head":"<!-- This site is optimized with the Yoast SEO plugin v25.7 - https:\/\/yoast.com\/wordpress\/plugins\/seo\/ -->\n<title>Service esth\u00e9tique et p\u00e9diatrique | Daniel Borsuk | Montr\u00e9al<\/title>\n<meta name=\"description\" content=\"Service esth\u00e9tique et p\u00e9diatrique - Dr. Daniel Borsuk propose des services esth\u00e9tiques en clinique priv\u00e9 et p\u00e9diatriques \u00e0 l&#039;hopital Ste Justine. Nos pratiques servent Montr\u00e9al et ses environs.\" \/>\n<meta name=\"robots\" content=\"index, follow, max-snippet:-1, max-image-preview:large, max-video-preview:-1\" \/>\n<link rel=\"canonical\" href=\"https:\/\/www.drborsuk.com\/francais\/services\/\" \/>\n<meta property=\"og:locale\" content=\"en_US\" \/>\n<meta property=\"og:type\" content=\"article\" \/>\n<meta property=\"og:title\" content=\"Service esth\u00e9tique et p\u00e9diatrique | Daniel Borsuk | Montr\u00e9al\" \/>\n<meta property=\"og:description\" content=\"Service esth\u00e9tique et p\u00e9diatrique - Dr. Daniel Borsuk propose des services esth\u00e9tiques en clinique priv\u00e9 et p\u00e9diatriques \u00e0 l&#039;hopital Ste Justine. Nos pratiques servent Montr\u00e9al et ses environs.\" \/>\n<meta property=\"og:url\" content=\"https:\/\/www.drborsuk.com\/francais\/services\/\" \/>\n<meta property=\"og:site_name\" content=\"Borsuk Plastic Surgery\" \/>\n<meta property=\"article:modified_time\" content=\"2025-09-11T22:54:38+00:00\" \/>\n<meta property=\"og:image\" content=\"https:\/\/www.drborsuk.com\/francais\/wp-content\/uploads\/sites\/2\/2025\/06\/services-banner.jpg\" \/>\n\t<meta property=\"og:image:width\" content=\"2304\" \/>\n\t<meta property=\"og:image:height\" content=\"540\" \/>\n\t<meta property=\"og:image:type\" content=\"image\/jpeg\" \/>\n<meta name=\"twitter:card\" content=\"summary_large_image\" \/>\n<meta name=\"twitter:label1\" content=\"Est. reading time\" \/>\n\t<meta name=\"twitter:data1\" content=\"1 minute\" \/>\n<script type=\"application\/ld+json\" class=\"yoast-schema-graph\">{\"@context\":\"https:\/\/schema.org\",\"@graph\":[{\"@type\":\"WebPage\",\"@id\":\"https:\/\/www.drborsuk.com\/francais\/services\/\",\"url\":\"https:\/\/www.drborsuk.com\/francais\/services\/\",\"name\":\"Service esth\u00e9tique et p\u00e9diatrique | Daniel Borsuk | Montr\u00e9al\",\"isPartOf\":{\"@id\":\"https:\/\/www.drborsuk.com\/francais\/#website\"},\"primaryImageOfPage\":{\"@id\":\"https:\/\/www.drborsuk.com\/francais\/services\/#primaryimage\"},\"image\":{\"@id\":\"https:\/\/www.drborsuk.com\/francais\/services\/#primaryimage\"},\"thumbnailUrl\":\"https:\/\/www.drborsuk.com\/francais\/wp-content\/uploads\/sites\/2\/2025\/06\/services-banner.jpg\",\"datePublished\":\"2024-09-16T14:38:51+00:00\",\"dateModified\":\"2025-09-11T22:54:38+00:00\",\"description\":\"Service esth\u00e9tique et p\u00e9diatrique - Dr. Daniel Borsuk propose des services esth\u00e9tiques en clinique priv\u00e9 et p\u00e9diatriques \u00e0 l'hopital Ste Justine. Nos pratiques servent Montr\u00e9al et ses environs.\",\"breadcrumb\":{\"@id\":\"https:\/\/www.drborsuk.com\/francais\/services\/#breadcrumb\"},\"inLanguage\":\"en-US\",\"potentialAction\":[{\"@type\":\"ReadAction\",\"target\":[\"https:\/\/www.drborsuk.com\/francais\/services\/\"]}]},{\"@type\":\"ImageObject\",\"inLanguage\":\"en-US\",\"@id\":\"https:\/\/www.drborsuk.com\/francais\/services\/#primaryimage\",\"url\":\"https:\/\/www.drborsuk.com\/francais\/wp-content\/uploads\/sites\/2\/2025\/06\/services-banner.jpg\",\"contentUrl\":\"https:\/\/www.drborsuk.com\/francais\/wp-content\/uploads\/sites\/2\/2025\/06\/services-banner.jpg\",\"width\":2304,\"height\":540,\"caption\":\"services banner\"},{\"@type\":\"BreadcrumbList\",\"@id\":\"https:\/\/www.drborsuk.com\/francais\/services\/#breadcrumb\",\"itemListElement\":[{\"@type\":\"ListItem\",\"position\":1,\"name\":\"Home\",\"item\":\"https:\/\/www.drborsuk.com\/francais\/\"},{\"@type\":\"ListItem\",\"position\":2,\"name\":\"Services Esth\u00e9tiques\"}]},{\"@type\":\"WebSite\",\"@id\":\"https:\/\/www.drborsuk.com\/francais\/#website\",\"url\":\"https:\/\/www.drborsuk.com\/francais\/\",\"name\":\"Borsuk Plastic Surgery\",\"description\":\"\",\"publisher\":{\"@id\":\"https:\/\/www.drborsuk.com\/francais\/#organization\"},\"potentialAction\":[{\"@type\":\"SearchAction\",\"target\":{\"@type\":\"EntryPoint\",\"urlTemplate\":\"https:\/\/www.drborsuk.com\/francais\/?s={search_term_string}\"},\"query-input\":{\"@type\":\"PropertyValueSpecification\",\"valueRequired\":true,\"valueName\":\"search_term_string\"}}],\"inLanguage\":\"en-US\"},{\"@type\":\"Organization\",\"@id\":\"https:\/\/www.drborsuk.com\/francais\/#organization\",\"name\":\"Borsuk Plastic Surgery\",\"url\":\"https:\/\/www.drborsuk.com\/francais\/\",\"logo\":{\"@type\":\"ImageObject\",\"inLanguage\":\"en-US\",\"@id\":\"https:\/\/www.drborsuk.com\/francais\/#\/schema\/logo\/image\/\",\"url\":\"https:\/\/www.drborsuk.com\/francais\/wp-content\/uploads\/sites\/2\/2024\/12\/DanielBorsukLogo.svg\",\"contentUrl\":\"https:\/\/www.drborsuk.com\/francais\/wp-content\/uploads\/sites\/2\/2024\/12\/DanielBorsukLogo.svg\",\"caption\":\"Borsuk Plastic Surgery\"},\"image\":{\"@id\":\"https:\/\/www.drborsuk.com\/francais\/#\/schema\/logo\/image\/\"}}]}<\/script>\n<!-- \/ Yoast SEO plugin. -->","yoast_head_json":{"title":"Service esth\u00e9tique et p\u00e9diatrique | Daniel Borsuk | Montr\u00e9al","description":"Service esth\u00e9tique et p\u00e9diatrique - Dr. Daniel Borsuk propose des services esth\u00e9tiques en clinique priv\u00e9 et p\u00e9diatriques \u00e0 l'hopital Ste Justine. Nos pratiques servent Montr\u00e9al et ses environs.","robots":{"index":"index","follow":"follow","max-snippet":"max-snippet:-1","max-image-preview":"max-image-preview:large","max-video-preview":"max-video-preview:-1"},"canonical":"https:\/\/www.drborsuk.com\/francais\/services\/","og_locale":"en_US","og_type":"article","og_title":"Service esth\u00e9tique et p\u00e9diatrique | Daniel Borsuk | Montr\u00e9al","og_description":"Service esth\u00e9tique et p\u00e9diatrique - Dr. Daniel Borsuk propose des services esth\u00e9tiques en clinique priv\u00e9 et p\u00e9diatriques \u00e0 l'hopital Ste Justine. Nos pratiques servent Montr\u00e9al et ses environs.","og_url":"https:\/\/www.drborsuk.com\/francais\/services\/","og_site_name":"Borsuk Plastic Surgery","article_modified_time":"2025-09-11T22:54:38+00:00","og_image":[{"width":2304,"height":540,"url":"https:\/\/www.drborsuk.com\/francais\/wp-content\/uploads\/sites\/2\/2025\/06\/services-banner.jpg","type":"image\/jpeg"}],"twitter_card":"summary_large_image","twitter_misc":{"Est. reading time":"1 minute"},"schema":{"@context":"https:\/\/schema.org","@graph":[{"@type":"WebPage","@id":"https:\/\/www.drborsuk.com\/francais\/services\/","url":"https:\/\/www.drborsuk.com\/francais\/services\/","name":"Service esth\u00e9tique et p\u00e9diatrique | Daniel Borsuk | Montr\u00e9al","isPartOf":{"@id":"https:\/\/www.drborsuk.com\/francais\/#website"},"primaryImageOfPage":{"@id":"https:\/\/www.drborsuk.com\/francais\/services\/#primaryimage"},"image":{"@id":"https:\/\/www.drborsuk.com\/francais\/services\/#primaryimage"},"thumbnailUrl":"https:\/\/www.drborsuk.com\/francais\/wp-content\/uploads\/sites\/2\/2025\/06\/services-banner.jpg","datePublished":"2024-09-16T14:38:51+00:00","dateModified":"2025-09-11T22:54:38+00:00","description":"Service esth\u00e9tique et p\u00e9diatrique - Dr. Daniel Borsuk propose des services esth\u00e9tiques en clinique priv\u00e9 et p\u00e9diatriques \u00e0 l'hopital Ste Justine. Nos pratiques servent Montr\u00e9al et ses environs.","breadcrumb":{"@id":"https:\/\/www.drborsuk.com\/francais\/services\/#breadcrumb"},"inLanguage":"en-US","potentialAction":[{"@type":"ReadAction","target":["https:\/\/www.drborsuk.com\/francais\/services\/"]}]},{"@type":"ImageObject","inLanguage":"en-US","@id":"https:\/\/www.drborsuk.com\/francais\/services\/#primaryimage","url":"https:\/\/www.drborsuk.com\/francais\/wp-content\/uploads\/sites\/2\/2025\/06\/services-banner.jpg","contentUrl":"https:\/\/www.drborsuk.com\/francais\/wp-content\/uploads\/sites\/2\/2025\/06\/services-banner.jpg","width":2304,"height":540,"caption":"services banner"},{"@type":"BreadcrumbList","@id":"https:\/\/www.drborsuk.com\/francais\/services\/#breadcrumb","itemListElement":[{"@type":"ListItem","position":1,"name":"Home","item":"https:\/\/www.drborsuk.com\/francais\/"},{"@type":"ListItem","position":2,"name":"Services Esth\u00e9tiques"}]},{"@type":"WebSite","@id":"https:\/\/www.drborsuk.com\/francais\/#website","url":"https:\/\/www.drborsuk.com\/francais\/","name":"Borsuk Plastic Surgery","description":"","publisher":{"@id":"https:\/\/www.drborsuk.com\/francais\/#organization"},"potentialAction":[{"@type":"SearchAction","target":{"@type":"EntryPoint","urlTemplate":"https:\/\/www.drborsuk.com\/francais\/?s={search_term_string}"},"query-input":{"@type":"PropertyValueSpecification","valueRequired":true,"valueName":"search_term_string"}}],"inLanguage":"en-US"},{"@type":"Organization","@id":"https:\/\/www.drborsuk.com\/francais\/#organization","name":"Borsuk Plastic Surgery","url":"https:\/\/www.drborsuk.com\/francais\/","logo":{"@type":"ImageObject","inLanguage":"en-US","@id":"https:\/\/www.drborsuk.com\/francais\/#\/schema\/logo\/image\/","url":"https:\/\/www.drborsuk.com\/francais\/wp-content\/uploads\/sites\/2\/2024\/12\/DanielBorsukLogo.svg","contentUrl":"https:\/\/www.drborsuk.com\/francais\/wp-content\/uploads\/sites\/2\/2024\/12\/DanielBorsukLogo.svg","caption":"Borsuk Plastic Surgery"},"image":{"@id":"https:\/\/www.drborsuk.com\/francais\/#\/schema\/logo\/image\/"}}]}},"_links":{"self":[{"href":"https:\/\/www.drborsuk.com\/francais\/wp-json\/wp\/v2\/pages\/2578","targetHints":{"allow":["GET"]}}],"collection":[{"href":"https:\/\/www.drborsuk.com\/francais\/wp-json\/wp\/v2\/pages"}],"about":[{"href":"https:\/\/www.drborsuk.com\/francais\/wp-json\/wp\/v2\/types\/page"}],"author":[{"embeddable":true,"href":"https:\/\/www.drborsuk.com\/francais\/wp-json\/wp\/v2\/users\/2"}],"replies":[{"embeddable":true,"href":"https:\/\/www.drborsuk.com\/francais\/wp-json\/wp\/v2\/comments?post=2578"}],"version-history":[{"count":3,"href":"https:\/\/www.drborsuk.com\/francais\/wp-json\/wp\/v2\/pages\/2578\/revisions"}],"predecessor-version":[{"id":3310,"href":"https:\/\/www.drborsuk.com\/francais\/wp-json\/wp\/v2\/pages\/2578\/revisions\/3310"}],"wp:featuredmedia":[{"embeddable":true,"href":"https:\/\/www.drborsuk.com\/francais\/wp-json\/wp\/v2\/media\/3262"}],"wp:attachment":[{"href":"https:\/\/www.drborsuk.com\/francais\/wp-json\/wp\/v2\/media?parent=2578"}],"curies":[{"name":"wp","href":"https:\/\/api.w.org\/{rel}","templated":true}]}}